{"id":467,"date":"2026-04-14T11:43:13","date_gmt":"2026-04-14T11:43:13","guid":{"rendered":"https:\/\/grandoffice.fr\/?page_id=467"},"modified":"2026-04-14T13:15:25","modified_gmt":"2026-04-14T13:15:25","slug":"confidentialite","status":"publish","type":"page","link":"https:\/\/grandoffice.fr\/index.php\/confidentialite\/","title":{"rendered":"Politique de confidentialit\u00e9"},"content":{"rendered":"\t\t<div data-elementor-type=\"wp-page\" data-elementor-id=\"467\" class=\"elementor elementor-467\">\n\t\t\t\t<div class=\"elementor-element elementor-element-b289d29 e-flex e-con-boxed e-con e-parent\" data-id=\"b289d29\" data-element_type=\"container\" data-e-type=\"container\" data-settings=\"{&quot;background_background&quot;:&quot;classic&quot;}\">\n\t\t\t\t\t<div class=\"e-con-inner\">\n\t\t\t\t<div class=\"elementor-element elementor-element-eafa3c2 elementor-widget elementor-widget-spacer\" data-id=\"eafa3c2\" data-element_type=\"widget\" data-e-type=\"widget\" data-widget_type=\"spacer.default\">\n\t\t\t\t\t\t\t<div class=\"elementor-spacer\">\n\t\t\t<div class=\"elementor-spacer-inner\"><\/div>\n\t\t<\/div>\n\t\t\t\t\t\t<\/div>\n\t\t\t\t\t<\/div>\n\t\t\t\t<\/div>\n\t\t<div class=\"elementor-element elementor-element-022fe29 e-flex e-con-boxed e-con e-parent\" data-id=\"022fe29\" data-element_type=\"container\" data-e-type=\"container\">\n\t\t\t\t\t<div class=\"e-con-inner\">\n\t\t\t\t<div class=\"elementor-element elementor-element-9d36b7c elementor-widget elementor-widget-heading\" data-id=\"9d36b7c\" data-element_type=\"widget\" data-e-type=\"widget\" data-widget_type=\"heading.default\">\n\t\t\t\t\t<h2 class=\"elementor-heading-title elementor-size-default\">Politique de confidentialit\u00e9<\/h2>\t\t\t\t<\/div>\n\t\t\t\t<div class=\"elementor-element elementor-element-d56cf07 elementor-widget elementor-widget-text-editor\" data-id=\"d56cf07\" data-element_type=\"widget\" data-e-type=\"widget\" data-widget_type=\"text-editor.default\">\n\t\t\t\t\t\t\t\t\t<p><strong>1. Introduction<\/strong><\/p><p>La pr\u00e9sente politique de confidentialit\u00e9 a pour objet d\u2019informer les utilisateurs du site internet <strong>PPH Traiteur<\/strong> (ci-apr\u00e8s \u00ab le Site \u00bb) sur la mani\u00e8re dont leurs donn\u00e9es personnelles sont collect\u00e9es, trait\u00e9es et prot\u00e9g\u00e9es.<\/p><p>PPH Traiteur s\u2019engage \u00e0 ce que la collecte et le traitement de vos donn\u00e9es soient conformes au R\u00e8glement G\u00e9n\u00e9ral sur la Protection des Donn\u00e9es (RGPD) et \u00e0 la loi Informatique et Libert\u00e9s.<\/p><p><strong>2. Responsable du traitement<\/strong><\/p><p>Le responsable du traitement des donn\u00e9es est :<\/p><p>PPH Traiteur<br \/>9 rue Andr\u00e9 Pingat<br \/>51100 Reims \u2013 France<br \/>E-mail :\u00a0<a href=\"mailto:commercial@grandoffice.fr\">commercial@grandoffice.fr<\/a><\/p><p><strong>3. Donn\u00e9es personnelles collect\u00e9es<\/strong><\/p><p>Dans le cadre de l\u2019utilisation du Site, les donn\u00e9es suivantes peuvent \u00eatre collect\u00e9es :<\/p><ul><li><p>Nom et pr\u00e9nom<\/p><\/li><li><p>Adresse e-mail<\/p><\/li><li><p>Num\u00e9ro de t\u00e9l\u00e9phone<\/p><\/li><li><p>Contenu du message envoy\u00e9 via les formulaires de contact ou de devis<\/p><\/li><li><p>Donn\u00e9es de navigation (cookies, adresse IP, pages consult\u00e9es)<\/p><\/li><\/ul><p><strong>4. Finalit\u00e9s du traitement<\/strong><\/p><p>Les donn\u00e9es collect\u00e9es sont utilis\u00e9es pour :<\/p><ul><li><p>r\u00e9pondre aux demandes envoy\u00e9es via le formulaire de contact<\/p><\/li><li><p>\u00e9tablir des devis et propositions commerciales<\/p><\/li><li><p>assurer la gestion de la relation client<\/p><\/li><li><p>am\u00e9liorer le fonctionnement et l\u2019exp\u00e9rience utilisateur du site<\/p><\/li><li><p>r\u00e9aliser des statistiques de fr\u00e9quentation anonymes<\/p><\/li><\/ul><p><strong>5. Base l\u00e9gale du traitement<\/strong><\/p><p>Les traitements de donn\u00e9es reposent sur :<\/p><ul><li><p>le consentement de l\u2019utilisateur (formulaire de contact, cookies)<\/p><\/li><li><p>l\u2019ex\u00e9cution de mesures pr\u00e9contractuelles (demande de devis)<\/p><\/li><li><p>l\u2019int\u00e9r\u00eat l\u00e9gitime de PPH Traiteur (am\u00e9lioration du site et prospection limit\u00e9e)<\/p><\/li><\/ul><p><strong>6. Dur\u00e9e de conservation des donn\u00e9es<\/strong><\/p><p>Les donn\u00e9es personnelles sont conserv\u00e9es pour une dur\u00e9e limit\u00e9e :<\/p><ul><li><p>Donn\u00e9es de contact : jusqu\u2019\u00e0 3 ans apr\u00e8s le dernier \u00e9change<\/p><\/li><li><p>Donn\u00e9es clients : dur\u00e9e l\u00e9gale de conservation comptable et contractuelle<\/p><\/li><li><p>Cookies : maximum 13 mois<\/p><\/li><\/ul><p><strong>7. Destinataires des donn\u00e9es<\/strong><\/p><p>Les donn\u00e9es collect\u00e9es sont exclusivement destin\u00e9es \u00e0 PPH Traiteur.<\/p><p>Elles peuvent \u00eatre transmises uniquement \u00e0 des prestataires techniques (ex : h\u00e9bergeur, outil de messagerie, solution de formulaire), strictement dans le cadre de leur mission.<\/p><p>Aucune donn\u00e9e personnelle n\u2019est vendue ni c\u00e9d\u00e9e \u00e0 des tiers.<\/p><p><strong>8. H\u00e9bergement des donn\u00e9es<\/strong><\/p><p>Le site est h\u00e9berg\u00e9 par :<\/p><p>OVH SAS<br \/>2 rue Kellermann<br \/>59100 Roubaix \u2013 France<\/p><p>Les donn\u00e9es sont stock\u00e9es sur des serveurs situ\u00e9s dans l\u2019Union Europ\u00e9enne.<\/p><p><strong>9. Cookies<\/strong><\/p><p>Le Site peut utiliser des cookies afin de :<\/p><ul><li><p>assurer son bon fonctionnement<\/p><\/li><li><p>mesurer l\u2019audience (statistiques de fr\u00e9quentation)<\/p><\/li><li><p>am\u00e9liorer l\u2019exp\u00e9rience utilisateur<\/p><\/li><\/ul><p>Lors de votre premi\u00e8re visite, un bandeau vous permet d\u2019accepter ou de refuser les cookies non essentiels.<\/p><p>Vous pouvez \u00e9galement configurer votre navigateur pour bloquer les cookies.<\/p><p><strong>10. Droits des utilisateurs<\/strong><\/p><p>Conform\u00e9ment au RGPD, vous disposez des droits suivants :<\/p><ul><li><p>droit d\u2019acc\u00e8s \u00e0 vos donn\u00e9es<\/p><\/li><li><p>droit de rectification<\/p><\/li><li><p>droit d\u2019effacement (\u00ab droit \u00e0 l\u2019oubli \u00bb)<\/p><\/li><li><p>droit d\u2019opposition<\/p><\/li><li><p>droit \u00e0 la limitation du traitement<\/p><\/li><li><p>droit \u00e0 la portabilit\u00e9 des donn\u00e9es<\/p><\/li><\/ul><p><strong>11. Exercice de vos droits<\/strong><\/p><p>Pour exercer vos droits, vous pouvez contacter :<\/p><p>E-mail :\u00a0<a href=\"mailto:commercial@grandoffice.fr\">commercial@grandoffice.fr<\/a><\/p><p>Adresse postale :<br \/>PPH Traiteur<br \/>9 rue Andr\u00e9 Pingat<br \/>51100 Reims \u2013 France<\/p><p>Une r\u00e9ponse vous sera apport\u00e9e dans un d\u00e9lai maximum de 30 jours.<\/p><p><strong>12. S\u00e9curit\u00e9 des donn\u00e9es<\/strong><\/p><p>PPH Traiteur met en \u0153uvre toutes les mesures techniques et organisationnelles n\u00e9cessaires pour assurer la s\u00e9curit\u00e9 et la confidentialit\u00e9 des donn\u00e9es personnelles.<\/p><p><strong>13. Modification de la politique<\/strong><\/p><p>La pr\u00e9sente politique de confidentialit\u00e9 peut \u00eatre modifi\u00e9e \u00e0 tout moment afin de rester conforme \u00e0 la r\u00e9glementation en vigueur.<\/p><p><strong>14. Contact<\/strong><\/p><p>Pour toute question relative \u00e0 la protection des donn\u00e9es :\u00a0<a href=\"mailto:commercial@grandoffice.fr\">commercial@grandoffice.fr<\/a><\/p>\t\t\t\t\t\t\t\t<\/div>\n\t\t\t\t\t<\/div>\n\t\t\t\t<\/div>\n\t\t\t\t<\/div>\n\t\t","protected":false},"excerpt":{"rendered":"<p>Politique de confidentialit\u00e9 1. Introduction La pr\u00e9sente politique de confidentialit\u00e9 a pour objet d\u2019informer les utilisateurs du site internet PPH [&hellip;]<\/p>\n","protected":false},"author":2,"featured_media":0,"parent":0,"menu_order":0,"comment_status":"open","ping_status":"closed","template":"elementor_header_footer","meta":{"site-sidebar-layout":"no-sidebar","site-content-layout":"","ast-site-content-layout":"full-width-container","site-content-style":"default","site-sidebar-style":"default","ast-global-header-display":"","ast-banner-title-visibility":"","ast-main-header-display":"","ast-hfb-above-header-display":"","ast-hfb-below-header-display":"","ast-hfb-mobile-header-display":"","site-post-title":"","ast-breadcrumbs-content":"","ast-featured-img":"disabled","footer-sml-layout":"","ast-disable-related-posts":"","theme-transparent-header-meta":"","adv-header-id-meta":"","stick-header-meta":"","header-above-stick-meta":"","header-main-stick-meta":"","header-below-stick-meta":"","astra-migrate-meta-layouts":"default","ast-page-background-enabled":"default","ast-page-background-meta":{"desktop":{"background-color":"var(--ast-global-color-5)","background-image":"","background-repeat":"repeat","background-position":"center center","background-size":"auto","background-attachment":"scroll","background-type":"","background-media":"","overlay-type":"","overlay-color":"","overlay-opacity":"","overlay-gradient":""},"tablet":{"background-color":"","background-image":"","background-repeat":"repeat","background-position":"center center","background-size":"auto","background-attachment":"scroll","background-type":"","background-media":"","overlay-type":"","overlay-color":"","overlay-opacity":"","overlay-gradient":""},"mobile":{"background-color":"","background-image":"","background-repeat":"repeat","background-position":"center center","background-size":"auto","background-attachment":"scroll","background-type":"","background-media":"","overlay-type":"","overlay-color":"","overlay-opacity":"","overlay-gradient":""}},"ast-content-background-meta":{"desktop":{"background-color":"var(--ast-global-color-4)","background-image":"","background-repeat":"repeat","background-position":"center center","background-size":"auto","background-attachment":"scroll","background-type":"","background-media":"","overlay-type":"","overlay-color":"","overlay-opacity":"","overlay-gradient":""},"tablet":{"background-color":"var(--ast-global-color-4)","background-image":"","background-repeat":"repeat","background-position":"center center","background-size":"auto","background-attachment":"scroll","background-type":"","background-media":"","overlay-type":"","overlay-color":"","overlay-opacity":"","overlay-gradient":""},"mobile":{"background-color":"var(--ast-global-color-4)","background-image":"","background-repeat":"repeat","background-position":"center center","background-size":"auto","background-attachment":"scroll","background-type":"","background-media":"","overlay-type":"","overlay-color":"","overlay-opacity":"","overlay-gradient":""}},"footnotes":""},"class_list":["post-467","page","type-page","status-publish","hentry"],"yoast_head":"<!-- This site is optimized with the Yoast SEO plugin v27.4 - https:\/\/yoast.com\/product\/yoast-seo-wordpress\/ -->\n<title>Politique de confidentialit\u00e9 -<\/title>\n<meta name=\"robots\" content=\"index, follow, max-snippet:-1, max-image-preview:large, max-video-preview:-1\" \/>\n<link rel=\"canonical\" href=\"https:\/\/grandoffice.fr\/index.php\/confidentialite\/\" \/>\n<meta property=\"og:locale\" content=\"fr_FR\" \/>\n<meta property=\"og:type\" content=\"article\" \/>\n<meta property=\"og:title\" content=\"Politique de confidentialit\u00e9 -\" \/>\n<meta property=\"og:description\" content=\"Politique de confidentialit\u00e9 1. Introduction La pr\u00e9sente politique de confidentialit\u00e9 a pour objet d\u2019informer les utilisateurs du site internet PPH [&hellip;]\" \/>\n<meta property=\"og:url\" content=\"https:\/\/grandoffice.fr\/index.php\/confidentialite\/\" \/>\n<meta property=\"article:publisher\" content=\"https:\/\/www.facebook.com\/profile.php?id=61573310752279\" \/>\n<meta property=\"article:modified_time\" content=\"2026-04-14T13:15:25+00:00\" \/>\n<meta name=\"twitter:card\" content=\"summary_large_image\" \/>\n<meta name=\"twitter:label1\" content=\"Dur\u00e9e de lecture estim\u00e9e\" \/>\n\t<meta name=\"twitter:data1\" content=\"3 minutes\" \/>\n<script type=\"application\/ld+json\" class=\"yoast-schema-graph\">{\"@context\":\"https:\\\/\\\/schema.org\",\"@graph\":[{\"@type\":\"WebPage\",\"@id\":\"https:\\\/\\\/grandoffice.fr\\\/index.php\\\/confidentialite\\\/\",\"url\":\"https:\\\/\\\/grandoffice.fr\\\/index.php\\\/confidentialite\\\/\",\"name\":\"Politique de confidentialit\u00e9 -\",\"isPartOf\":{\"@id\":\"http:\\\/\\\/grandoffice.fr\\\/#website\"},\"datePublished\":\"2026-04-14T11:43:13+00:00\",\"dateModified\":\"2026-04-14T13:15:25+00:00\",\"breadcrumb\":{\"@id\":\"https:\\\/\\\/grandoffice.fr\\\/index.php\\\/confidentialite\\\/#breadcrumb\"},\"inLanguage\":\"fr-FR\",\"potentialAction\":[{\"@type\":\"ReadAction\",\"target\":[\"https:\\\/\\\/grandoffice.fr\\\/index.php\\\/confidentialite\\\/\"]}]},{\"@type\":\"BreadcrumbList\",\"@id\":\"https:\\\/\\\/grandoffice.fr\\\/index.php\\\/confidentialite\\\/#breadcrumb\",\"itemListElement\":[{\"@type\":\"ListItem\",\"position\":1,\"name\":\"Accueil\",\"item\":\"http:\\\/\\\/grandoffice.fr\\\/\"},{\"@type\":\"ListItem\",\"position\":2,\"name\":\"Politique de confidentialit\u00e9\"}]},{\"@type\":\"WebSite\",\"@id\":\"http:\\\/\\\/grandoffice.fr\\\/#website\",\"url\":\"http:\\\/\\\/grandoffice.fr\\\/\",\"name\":\"Grand Office\",\"description\":\"\",\"publisher\":{\"@id\":\"http:\\\/\\\/grandoffice.fr\\\/#organization\"},\"potentialAction\":[{\"@type\":\"SearchAction\",\"target\":{\"@type\":\"EntryPoint\",\"urlTemplate\":\"http:\\\/\\\/grandoffice.fr\\\/?s={search_term_string}\"},\"query-input\":{\"@type\":\"PropertyValueSpecification\",\"valueRequired\":true,\"valueName\":\"search_term_string\"}}],\"inLanguage\":\"fr-FR\"},{\"@type\":\"Organization\",\"@id\":\"http:\\\/\\\/grandoffice.fr\\\/#organization\",\"name\":\"Grand Office\",\"url\":\"http:\\\/\\\/grandoffice.fr\\\/\",\"logo\":{\"@type\":\"ImageObject\",\"inLanguage\":\"fr-FR\",\"@id\":\"http:\\\/\\\/grandoffice.fr\\\/#\\\/schema\\\/logo\\\/image\\\/\",\"url\":\"https:\\\/\\\/grandoffice.fr\\\/wp-content\\\/uploads\\\/2026\\\/04\\\/Grand-Office-Traiteur-Reims.png\",\"contentUrl\":\"https:\\\/\\\/grandoffice.fr\\\/wp-content\\\/uploads\\\/2026\\\/04\\\/Grand-Office-Traiteur-Reims.png\",\"width\":785,\"height\":785,\"caption\":\"Grand Office\"},\"image\":{\"@id\":\"http:\\\/\\\/grandoffice.fr\\\/#\\\/schema\\\/logo\\\/image\\\/\"},\"sameAs\":[\"https:\\\/\\\/www.facebook.com\\\/profile.php?id=61573310752279\",\"https:\\\/\\\/www.linkedin.com\\\/company\\\/grandoffice\\\/?viewAsMember=true\",\"https:\\\/\\\/www.instagram.com\\\/grandoffice_traiteur\\\/\"]}]}<\/script>\n<!-- \/ Yoast SEO plugin. -->","yoast_head_json":{"title":"Politique de confidentialit\u00e9 -","robots":{"index":"index","follow":"follow","max-snippet":"max-snippet:-1","max-image-preview":"max-image-preview:large","max-video-preview":"max-video-preview:-1"},"canonical":"https:\/\/grandoffice.fr\/index.php\/confidentialite\/","og_locale":"fr_FR","og_type":"article","og_title":"Politique de confidentialit\u00e9 -","og_description":"Politique de confidentialit\u00e9 1. Introduction La pr\u00e9sente politique de confidentialit\u00e9 a pour objet d\u2019informer les utilisateurs du site internet PPH [&hellip;]","og_url":"https:\/\/grandoffice.fr\/index.php\/confidentialite\/","article_publisher":"https:\/\/www.facebook.com\/profile.php?id=61573310752279","article_modified_time":"2026-04-14T13:15:25+00:00","twitter_card":"summary_large_image","twitter_misc":{"Dur\u00e9e de lecture estim\u00e9e":"3 minutes"},"schema":{"@context":"https:\/\/schema.org","@graph":[{"@type":"WebPage","@id":"https:\/\/grandoffice.fr\/index.php\/confidentialite\/","url":"https:\/\/grandoffice.fr\/index.php\/confidentialite\/","name":"Politique de confidentialit\u00e9 -","isPartOf":{"@id":"http:\/\/grandoffice.fr\/#website"},"datePublished":"2026-04-14T11:43:13+00:00","dateModified":"2026-04-14T13:15:25+00:00","breadcrumb":{"@id":"https:\/\/grandoffice.fr\/index.php\/confidentialite\/#breadcrumb"},"inLanguage":"fr-FR","potentialAction":[{"@type":"ReadAction","target":["https:\/\/grandoffice.fr\/index.php\/confidentialite\/"]}]},{"@type":"BreadcrumbList","@id":"https:\/\/grandoffice.fr\/index.php\/confidentialite\/#breadcrumb","itemListElement":[{"@type":"ListItem","position":1,"name":"Accueil","item":"http:\/\/grandoffice.fr\/"},{"@type":"ListItem","position":2,"name":"Politique de confidentialit\u00e9"}]},{"@type":"WebSite","@id":"http:\/\/grandoffice.fr\/#website","url":"http:\/\/grandoffice.fr\/","name":"Grand Office","description":"","publisher":{"@id":"http:\/\/grandoffice.fr\/#organization"},"potentialAction":[{"@type":"SearchAction","target":{"@type":"EntryPoint","urlTemplate":"http:\/\/grandoffice.fr\/?s={search_term_string}"},"query-input":{"@type":"PropertyValueSpecification","valueRequired":true,"valueName":"search_term_string"}}],"inLanguage":"fr-FR"},{"@type":"Organization","@id":"http:\/\/grandoffice.fr\/#organization","name":"Grand Office","url":"http:\/\/grandoffice.fr\/","logo":{"@type":"ImageObject","inLanguage":"fr-FR","@id":"http:\/\/grandoffice.fr\/#\/schema\/logo\/image\/","url":"https:\/\/grandoffice.fr\/wp-content\/uploads\/2026\/04\/Grand-Office-Traiteur-Reims.png","contentUrl":"https:\/\/grandoffice.fr\/wp-content\/uploads\/2026\/04\/Grand-Office-Traiteur-Reims.png","width":785,"height":785,"caption":"Grand Office"},"image":{"@id":"http:\/\/grandoffice.fr\/#\/schema\/logo\/image\/"},"sameAs":["https:\/\/www.facebook.com\/profile.php?id=61573310752279","https:\/\/www.linkedin.com\/company\/grandoffice\/?viewAsMember=true","https:\/\/www.instagram.com\/grandoffice_traiteur\/"]}]}},"_links":{"self":[{"href":"https:\/\/grandoffice.fr\/index.php\/wp-json\/wp\/v2\/pages\/467","targetHints":{"allow":["GET"]}}],"collection":[{"href":"https:\/\/grandoffice.fr\/index.php\/wp-json\/wp\/v2\/pages"}],"about":[{"href":"https:\/\/grandoffice.fr\/index.php\/wp-json\/wp\/v2\/types\/page"}],"author":[{"embeddable":true,"href":"https:\/\/grandoffice.fr\/index.php\/wp-json\/wp\/v2\/users\/2"}],"replies":[{"embeddable":true,"href":"https:\/\/grandoffice.fr\/index.php\/wp-json\/wp\/v2\/comments?post=467"}],"version-history":[{"count":13,"href":"https:\/\/grandoffice.fr\/index.php\/wp-json\/wp\/v2\/pages\/467\/revisions"}],"predecessor-version":[{"id":562,"href":"https:\/\/grandoffice.fr\/index.php\/wp-json\/wp\/v2\/pages\/467\/revisions\/562"}],"wp:attachment":[{"href":"https:\/\/grandoffice.fr\/index.php\/wp-json\/wp\/v2\/media?parent=467"}],"curies":[{"name":"wp","href":"https:\/\/api.w.org\/{rel}","templated":true}]}}